{"id":1536,"date":"2026-03-23T14:51:07","date_gmt":"2026-03-23T14:51:07","guid":{"rendered":"https:\/\/pilotkizmian.pl\/?post_type=product&#038;p=1536"},"modified":"2026-03-23T14:53:29","modified_gmt":"2026-03-23T14:53:29","slug":"warsztaty-23-kwietnia-2026","status":"publish","type":"product","link":"https:\/\/pilotkizmian.pl\/index.php\/produkt\/warsztaty-23-kwietnia-2026\/","title":{"rendered":"warsztaty 23 kwietnia 2026"},"content":{"rendered":"<p class=\"font-claude-response-body break-words whitespace-normal leading-[1.7]\"><strong>ABC Creative Problem Solving. Jak rozwi\u0105zywa\u0107 to, czego jeszcze nie wiesz jak rozwi\u0105za\u0107?<\/strong><\/p>\n<p class=\"font-claude-response-body break-words whitespace-normal leading-[1.7]\">Dla os\u00f3b z HR i HRBP, kt\u00f3re chc\u0105 da\u0107 zespo\u0142om struktur\u0119 do wychodzenia z impasu \u2014 zamiast gasi\u0107 kolejne po\u017cary. Przejdziesz przez cztery kroki procesu CPS, nauczysz si\u0119 precyzyjnie definiowa\u0107 wyzwanie i poznasz skuteczne alternatywy dla klasycznej burzy m\u00f3zg\u00f3w. Zabierasz ze sob\u0105: Narz\u0119dziownik 4 krok\u00f3w CPS, Szablony mapowania wiedzy, Karty Zmiany Perspektywy i Narz\u0119dzie analizy opcji.<\/p>\n<p>Prowadzi Agnieszka Pe\u0142ka-Szajowska<\/p>\n<p>&nbsp;<\/p>\n","protected":false},"excerpt":{"rendered":"<p>ABC Creative Problem Solving. Jak rozwi\u0105zywa\u0107 to, czego jeszcze nie wiesz jak rozwi\u0105za\u0107? Dla os\u00f3b z HR i HRBP, kt\u00f3re chc\u0105 da\u0107 zespo\u0142om struktur\u0119 do wychodzenia z impasu \u2014 zamiast gasi\u0107 kolejne po\u017cary. Przejdziesz przez cztery kroki procesu CPS, nauczysz si\u0119 precyzyjnie definiowa\u0107 wyzwanie i poznasz skuteczne alternatywy dla klasycznej burzy m\u00f3zg\u00f3w. Zabierasz ze sob\u0105: &hellip; <\/p>\n<p class=\"link-more\"><a href=\"https:\/\/pilotkizmian.pl\/index.php\/produkt\/warsztaty-23-kwietnia-2026\/\" class=\"more-link\">Czytaj dalej<span class=\"screen-reader-text\"> \u201ewarsztaty 23 kwietnia 2026\u201d<\/span><\/a><\/p>\n","protected":false},"featured_media":1371,"template":"","meta":[],"product_brand":[],"product_cat":[16],"product_tag":[],"class_list":{"0":"post-1536","1":"product","2":"type-product","3":"status-publish","4":"has-post-thumbnail","6":"product_cat-bez-kategorii","8":"first","9":"instock","10":"virtual","11":"purchasable","12":"product-type-simple"},"jetpack_sharing_enabled":true,"_links":{"self":[{"href":"https:\/\/pilotkizmian.pl\/index.php\/wp-json\/wp\/v2\/product\/1536","targetHints":{"allow":["GET"]}}],"collection":[{"href":"https:\/\/pilotkizmian.pl\/index.php\/wp-json\/wp\/v2\/product"}],"about":[{"href":"https:\/\/pilotkizmian.pl\/index.php\/wp-json\/wp\/v2\/types\/product"}],"wp:featuredmedia":[{"embeddable":true,"href":"https:\/\/pilotkizmian.pl\/index.php\/wp-json\/wp\/v2\/media\/1371"}],"wp:attachment":[{"href":"https:\/\/pilotkizmian.pl\/index.php\/wp-json\/wp\/v2\/media?parent=1536"}],"wp:term":[{"taxonomy":"product_brand","embeddable":true,"href":"https:\/\/pilotkizmian.pl\/index.php\/wp-json\/wp\/v2\/product_brand?post=1536"},{"taxonomy":"product_cat","embeddable":true,"href":"https:\/\/pilotkizmian.pl\/index.php\/wp-json\/wp\/v2\/product_cat?post=1536"},{"taxonomy":"product_tag","embeddable":true,"href":"https:\/\/pilotkizmian.pl\/index.php\/wp-json\/wp\/v2\/product_tag?post=1536"}],"curies":[{"name":"wp","href":"https:\/\/api.w.org\/{rel}","templated":true}]}}