{"id":1537,"date":"2026-03-23T14:55:05","date_gmt":"2026-03-23T14:55:05","guid":{"rendered":"https:\/\/pilotkizmian.pl\/?post_type=product&#038;p=1537"},"modified":"2026-03-23T14:56:14","modified_gmt":"2026-03-23T14:56:14","slug":"warsztaty-7-maja-2026","status":"publish","type":"product","link":"https:\/\/pilotkizmian.pl\/index.php\/produkt\/warsztaty-7-maja-2026\/","title":{"rendered":"warsztaty 7 maja 2026"},"content":{"rendered":"<p class=\"font-claude-response-body break-words whitespace-normal leading-[1.7]\"><strong>Od oporu do uczenia si\u0119. Retrospektywa w zarz\u0105dzaniu zmian\u0105.<\/strong><\/p>\n<p class=\"font-claude-response-body break-words whitespace-normal leading-[1.7]\">Dla HR i lider\u00f3w prowadz\u0105cych zespo\u0142y przez zmian\u0119, kt\u00f3rzy chc\u0105 reagowa\u0107 na op\u00f3r zanim prze\u0142o\u017cy si\u0119 na spadek efektywno\u015bci. Podczas warsztatu prze\u0107wiczysz prowadzenie rozm\u00f3w porz\u0105dkuj\u0105cych do\u015bwiadczenia zespo\u0142u i poznasz gotowe scenariusze retrospektyw dopasowane do r\u00f3\u017cnych sytuacji. Zabierasz ze sob\u0105: Narz\u0119dziownik retrospektywy, Szablony na Muralu i Scenariusze retrospektyw.<\/p>\n<p>Prowadzi Agata Walig\u00f3rska<\/p>\n","protected":false},"excerpt":{"rendered":"<p>Od oporu do uczenia si\u0119. Retrospektywa w zarz\u0105dzaniu zmian\u0105. Dla HR i lider\u00f3w prowadz\u0105cych zespo\u0142y przez zmian\u0119, kt\u00f3rzy chc\u0105 reagowa\u0107 na op\u00f3r zanim prze\u0142o\u017cy si\u0119 na spadek efektywno\u015bci. Podczas warsztatu prze\u0107wiczysz prowadzenie rozm\u00f3w porz\u0105dkuj\u0105cych do\u015bwiadczenia zespo\u0142u i poznasz gotowe scenariusze retrospektyw dopasowane do r\u00f3\u017cnych sytuacji. Zabierasz ze sob\u0105: Narz\u0119dziownik retrospektywy, Szablony na Muralu i Scenariusze &hellip; <\/p>\n<p class=\"link-more\"><a href=\"https:\/\/pilotkizmian.pl\/index.php\/produkt\/warsztaty-7-maja-2026\/\" class=\"more-link\">Czytaj dalej<span class=\"screen-reader-text\"> \u201ewarsztaty 7 maja 2026\u201d<\/span><\/a><\/p>\n","protected":false},"featured_media":1336,"template":"","meta":[],"product_brand":[],"product_cat":[16],"product_tag":[],"class_list":{"0":"post-1537","1":"product","2":"type-product","3":"status-publish","4":"has-post-thumbnail","6":"product_cat-bez-kategorii","8":"first","9":"instock","10":"virtual","11":"purchasable","12":"product-type-simple"},"jetpack_sharing_enabled":true,"_links":{"self":[{"href":"https:\/\/pilotkizmian.pl\/index.php\/wp-json\/wp\/v2\/product\/1537","targetHints":{"allow":["GET"]}}],"collection":[{"href":"https:\/\/pilotkizmian.pl\/index.php\/wp-json\/wp\/v2\/product"}],"about":[{"href":"https:\/\/pilotkizmian.pl\/index.php\/wp-json\/wp\/v2\/types\/product"}],"wp:featuredmedia":[{"embeddable":true,"href":"https:\/\/pilotkizmian.pl\/index.php\/wp-json\/wp\/v2\/media\/1336"}],"wp:attachment":[{"href":"https:\/\/pilotkizmian.pl\/index.php\/wp-json\/wp\/v2\/media?parent=1537"}],"wp:term":[{"taxonomy":"product_brand","embeddable":true,"href":"https:\/\/pilotkizmian.pl\/index.php\/wp-json\/wp\/v2\/product_brand?post=1537"},{"taxonomy":"product_cat","embeddable":true,"href":"https:\/\/pilotkizmian.pl\/index.php\/wp-json\/wp\/v2\/product_cat?post=1537"},{"taxonomy":"product_tag","embeddable":true,"href":"https:\/\/pilotkizmian.pl\/index.php\/wp-json\/wp\/v2\/product_tag?post=1537"}],"curies":[{"name":"wp","href":"https:\/\/api.w.org\/{rel}","templated":true}]}}